{"id":42113,"date":"2025-02-07T15:03:46","date_gmt":"2025-02-07T19:03:46","guid":{"rendered":"https:\/\/www.muniquintero.cl\/?page_id=42113"},"modified":"2025-02-14T12:17:52","modified_gmt":"2025-02-14T16:17:52","slug":"semana-quinterana-2025","status":"publish","type":"page","link":"https:\/\/www.muniquintero.cl\/index.php\/semana-quinterana-2025\/","title":{"rendered":"Semana Quinterana 2025"},"content":{"rendered":"\n<figure class=\"wp-block-image size-large\"><img fetchpriority=\"high\" decoding=\"async\" width=\"1024\" height=\"394\" src=\"https:\/\/www.muniquintero.cl\/wp-content\/uploads\/2025\/02\/Imagen-de-WhatsApp-2025-02-14-a-las-11.22.16_98fad6d5-1024x394.jpg\" alt=\"\" class=\"wp-image-42192\" srcset=\"https:\/\/www.muniquintero.cl\/wp-content\/uploads\/2025\/02\/Imagen-de-WhatsApp-2025-02-14-a-las-11.22.16_98fad6d5-1024x394.jpg 1024w, https:\/\/www.muniquintero.cl\/wp-content\/uploads\/2025\/02\/Imagen-de-WhatsApp-2025-02-14-a-las-11.22.16_98fad6d5-300x115.jpg 300w, https:\/\/www.muniquintero.cl\/wp-content\/uploads\/2025\/02\/Imagen-de-WhatsApp-2025-02-14-a-las-11.22.16_98fad6d5-768x295.jpg 768w, https:\/\/www.muniquintero.cl\/wp-content\/uploads\/2025\/02\/Imagen-de-WhatsApp-2025-02-14-a-las-11.22.16_98fad6d5.jpg 1280w\" sizes=\"(max-width: 1024px) 100vw, 1024px\" \/><\/figure>\n\n\n\n<p>\u00a1Los invitamos a disfrutar de esta semana de actividades para la familia!<\/p>\n\n\n\n<p>Es un momento especial para compartir, divertirse y crear recuerdos inolvidables juntos. Hemos preparado una variedad de eventos y experiencias pensadas para todos los miembros de la familia, desde los m\u00e1s peque\u00f1os hasta los m\u00e1s grandes.<\/p>\n\n\n\n<p>No se pierdan la oportunidad de vivir momentos \u00fanicos, llenos de diversi\u00f3n, aprendizaje y conexi\u00f3n. \u00a1Estamos emocionados de contar con su presencia para hacer de esta semana algo verdaderamente especial!<\/p>\n\n\n\n<p>\u00a1Los esperamos con entusiasmo!<\/p>\n\n\n\n<figure class=\"wp-block-image aligncenter size-large\"><img decoding=\"async\" width=\"454\" height=\"1024\" src=\"https:\/\/www.muniquintero.cl\/wp-content\/uploads\/2025\/02\/Imagen-de-WhatsApp-2025-02-14-a-las-12.52.18_c616c5e9-454x1024.jpg\" alt=\"\" class=\"wp-image-42213\" srcset=\"https:\/\/www.muniquintero.cl\/wp-content\/uploads\/2025\/02\/Imagen-de-WhatsApp-2025-02-14-a-las-12.52.18_c616c5e9-454x1024.jpg 454w, https:\/\/www.muniquintero.cl\/wp-content\/uploads\/2025\/02\/Imagen-de-WhatsApp-2025-02-14-a-las-12.52.18_c616c5e9-133x300.jpg 133w, https:\/\/www.muniquintero.cl\/wp-content\/uploads\/2025\/02\/Imagen-de-WhatsApp-2025-02-14-a-las-12.52.18_c616c5e9-681x1536.jpg 681w, https:\/\/www.muniquintero.cl\/wp-content\/uploads\/2025\/02\/Imagen-de-WhatsApp-2025-02-14-a-las-12.52.18_c616c5e9.jpg 709w\" sizes=\"(max-width: 454px) 100vw, 454px\" \/><\/figure>\n","protected":false},"excerpt":{"rendered":"<p>\u00a1Los invitamos a disfrutar de esta semana de actividades para la familia! Es un momento especial para compartir, divertirse y crear recuerdos inolvidables juntos. Hemos preparado una variedad de eventos y experiencias pensadas para todos los miembros de la familia, desde los m\u00e1s peque\u00f1os hasta los m\u00e1s grandes. No se pierdan la oportunidad de vivir [&hellip;]<\/p>\n","protected":false},"author":12,"featured_media":42192,"parent":0,"menu_order":0,"comment_status":"closed","ping_status":"closed","template":"","meta":{"footnotes":""},"class_list":["post-42113","page","type-page","status-publish","has-post-thumbnail","hentry"],"_links":{"self":[{"href":"https:\/\/www.muniquintero.cl\/index.php\/wp-json\/wp\/v2\/pages\/42113","targetHints":{"allow":["GET"]}}],"collection":[{"href":"https:\/\/www.muniquintero.cl\/index.php\/wp-json\/wp\/v2\/pages"}],"about":[{"href":"https:\/\/www.muniquintero.cl\/index.php\/wp-json\/wp\/v2\/types\/page"}],"author":[{"embeddable":true,"href":"https:\/\/www.muniquintero.cl\/index.php\/wp-json\/wp\/v2\/users\/12"}],"replies":[{"embeddable":true,"href":"https:\/\/www.muniquintero.cl\/index.php\/wp-json\/wp\/v2\/comments?post=42113"}],"version-history":[{"count":6,"href":"https:\/\/www.muniquintero.cl\/index.php\/wp-json\/wp\/v2\/pages\/42113\/revisions"}],"predecessor-version":[{"id":42218,"href":"https:\/\/www.muniquintero.cl\/index.php\/wp-json\/wp\/v2\/pages\/42113\/revisions\/42218"}],"wp:featuredmedia":[{"embeddable":true,"href":"https:\/\/www.muniquintero.cl\/index.php\/wp-json\/wp\/v2\/media\/42192"}],"wp:attachment":[{"href":"https:\/\/www.muniquintero.cl\/index.php\/wp-json\/wp\/v2\/media?parent=42113"}],"curies":[{"name":"wp","href":"https:\/\/api.w.org\/{rel}","templated":true}]}}