{"id":30019,"date":"2022-05-31T18:11:55","date_gmt":"2022-05-31T21:11:55","guid":{"rendered":"https:\/\/www.muniquintero.cl\/?page_id=30019"},"modified":"2022-06-07T14:03:11","modified_gmt":"2022-06-07T17:03:11","slug":"elementor-30019","status":"publish","type":"page","link":"https:\/\/www.muniquintero.cl\/index.php\/elementor-30019\/","title":{"rendered":"Oficina de Ferias"},"content":{"rendered":"\t\t<div data-elementor-type=\"wp-page\" data-elementor-id=\"30019\" class=\"elementor elementor-30019\" data-elementor-post-type=\"page\">\n\t\t\t\t\t\t<section class=\"ob-is-breaking-bad elementor-section elementor-top-section elementor-element elementor-element-8cc550f elementor-section-boxed elementor-section-height-default elementor-section-height-default\" data-id=\"8cc550f\" data-element_type=\"section\" data-e-type=\"section\" data-settings=\"{&quot;_ob_bbad_use_it&quot;:&quot;yes&quot;,&quot;_ob_bbad_sssic_use&quot;:&quot;no&quot;,&quot;_ob_glider_is_slider&quot;:&quot;no&quot;}\">\n\t\t\t\t\t\t<div class=\"elementor-container elementor-column-gap-default\">\n\t\t\t\t\t<div class=\"elementor-column elementor-col-100 elementor-top-column elementor-element elementor-element-a3f8aa3\" data-id=\"a3f8aa3\" data-element_type=\"column\" data-e-type=\"column\" data-settings=\"{&quot;_ob_bbad_is_stalker&quot;:&quot;no&quot;,&quot;_ob_teleporter_use&quot;:false,&quot;_ob_column_hoveranimator&quot;:&quot;no&quot;,&quot;_ob_column_has_pseudo&quot;:&quot;no&quot;}\">\n\t\t\t<div class=\"elementor-widget-wrap elementor-element-populated\">\n\t\t\t\t\t\t<div class=\"elementor-element elementor-element-c517132 ob-has-background-overlay elementor-widget elementor-widget-image\" data-id=\"c517132\" data-element_type=\"widget\" data-e-type=\"widget\" data-settings=\"{&quot;_ob_photomorph_use&quot;:&quot;no&quot;,&quot;_ob_perspektive_use&quot;:&quot;no&quot;,&quot;_ob_poopart_use&quot;:&quot;yes&quot;,&quot;_ob_shadough_use&quot;:&quot;no&quot;,&quot;_ob_allow_hoveranimator&quot;:&quot;no&quot;,&quot;_ob_widget_stalker_use&quot;:&quot;no&quot;}\" data-widget_type=\"image.default\">\n\t\t\t\t<div class=\"elementor-widget-container\">\n\t\t\t\t\t\t\t\t\t\t\t\t\t\t\t<img fetchpriority=\"high\" decoding=\"async\" width=\"1418\" height=\"466\" src=\"https:\/\/www.muniquintero.cl\/wp-content\/uploads\/2022\/06\/4-6BANNER_SEGURIDAD__Mesa-de-trabajo-1-copia-8.jpg\" class=\"attachment-1536x1536 size-1536x1536 wp-image-30136\" alt=\"\" srcset=\"https:\/\/www.muniquintero.cl\/wp-content\/uploads\/2022\/06\/4-6BANNER_SEGURIDAD__Mesa-de-trabajo-1-copia-8.jpg 1418w, https:\/\/www.muniquintero.cl\/wp-content\/uploads\/2022\/06\/4-6BANNER_SEGURIDAD__Mesa-de-trabajo-1-copia-8-300x99.jpg 300w, https:\/\/www.muniquintero.cl\/wp-content\/uploads\/2022\/06\/4-6BANNER_SEGURIDAD__Mesa-de-trabajo-1-copia-8-1024x337.jpg 1024w, https:\/\/www.muniquintero.cl\/wp-content\/uploads\/2022\/06\/4-6BANNER_SEGURIDAD__Mesa-de-trabajo-1-copia-8-768x252.jpg 768w\" sizes=\"(max-width: 1418px) 100vw, 1418px\" \/>\t\t\t\t\t\t\t\t\t\t\t\t\t\t\t<\/div>\n\t\t\t\t<\/div>\n\t\t\t\t\t<\/div>\n\t\t<\/div>\n\t\t\t\t\t<\/div>\n\t\t<\/section>\n\t\t\t\t<section class=\"ob-is-breaking-bad elementor-section elementor-top-section elementor-element elementor-element-e79885c elementor-section-boxed elementor-section-height-default elementor-section-height-default\" data-id=\"e79885c\" data-element_type=\"section\" data-e-type=\"section\" data-settings=\"{&quot;_ob_bbad_use_it&quot;:&quot;yes&quot;,&quot;_ob_bbad_sssic_use&quot;:&quot;no&quot;,&quot;_ob_glider_is_slider&quot;:&quot;no&quot;}\">\n\t\t\t\t\t\t<div class=\"elementor-container elementor-column-gap-default\">\n\t\t\t\t\t<div class=\"elementor-column elementor-col-100 elementor-top-column elementor-element elementor-element-926b01a\" data-id=\"926b01a\" data-element_type=\"column\" data-e-type=\"column\" data-settings=\"{&quot;_ob_bbad_is_stalker&quot;:&quot;no&quot;,&quot;_ob_teleporter_use&quot;:false,&quot;_ob_column_hoveranimator&quot;:&quot;no&quot;,&quot;_ob_column_has_pseudo&quot;:&quot;no&quot;}\">\n\t\t\t<div class=\"elementor-widget-wrap elementor-element-populated\">\n\t\t\t\t\t\t<div class=\"elementor-element elementor-element-5b51a0b ob-harakiri-inherit ob-has-background-overlay elementor-widget elementor-widget-heading\" data-id=\"5b51a0b\" data-element_type=\"widget\" data-e-type=\"widget\" data-settings=\"{&quot;_ob_use_harakiri&quot;:&quot;yes&quot;,&quot;_ob_harakiri_writing_mode&quot;:&quot;inherit&quot;,&quot;_ob_harakiri_text_clip&quot;:&quot;none&quot;,&quot;_ob_perspektive_use&quot;:&quot;no&quot;,&quot;_ob_poopart_use&quot;:&quot;yes&quot;,&quot;_ob_shadough_use&quot;:&quot;no&quot;,&quot;_ob_allow_hoveranimator&quot;:&quot;no&quot;,&quot;_ob_widget_stalker_use&quot;:&quot;no&quot;}\" data-widget_type=\"heading.default\">\n\t\t\t\t<div class=\"elementor-widget-container\">\n\t\t\t\t\t<h2 class=\"elementor-heading-title elementor-size-default\">Oficina de Fiscalizaci\u00f3n y Administraci\u00f3n de Ferias<\/h2>\t\t\t\t<\/div>\n\t\t\t\t<\/div>\n\t\t\t\t\t<\/div>\n\t\t<\/div>\n\t\t\t\t\t<\/div>\n\t\t<\/section>\n\t\t\t\t<section class=\"ob-is-breaking-bad elementor-section elementor-top-section elementor-element elementor-element-c3b39cc elementor-section-boxed elementor-section-height-default elementor-section-height-default\" data-id=\"c3b39cc\" data-element_type=\"section\" data-e-type=\"section\" data-settings=\"{&quot;_ob_bbad_use_it&quot;:&quot;yes&quot;,&quot;_ob_bbad_sssic_use&quot;:&quot;no&quot;,&quot;_ob_glider_is_slider&quot;:&quot;no&quot;}\">\n\t\t\t\t\t\t<div class=\"elementor-container elementor-column-gap-default\">\n\t\t\t\t\t<div class=\"elementor-column elementor-col-100 elementor-top-column elementor-element elementor-element-23417c3\" data-id=\"23417c3\" data-element_type=\"column\" data-e-type=\"column\" data-settings=\"{&quot;_ob_bbad_is_stalker&quot;:&quot;no&quot;,&quot;_ob_teleporter_use&quot;:false,&quot;_ob_column_hoveranimator&quot;:&quot;no&quot;,&quot;_ob_column_has_pseudo&quot;:&quot;no&quot;}\">\n\t\t\t<div class=\"elementor-widget-wrap elementor-element-populated\">\n\t\t\t\t\t\t<div class=\"elementor-element elementor-element-fd27ae4 ob-harakiri-inherit ob-has-background-overlay elementor-widget elementor-widget-text-editor\" data-id=\"fd27ae4\" data-element_type=\"widget\" data-e-type=\"widget\" data-settings=\"{&quot;_ob_use_harakiri&quot;:&quot;yes&quot;,&quot;_ob_harakiri_writing_mode&quot;:&quot;inherit&quot;,&quot;_ob_postman_use&quot;:&quot;no&quot;,&quot;_ob_perspektive_use&quot;:&quot;no&quot;,&quot;_ob_poopart_use&quot;:&quot;yes&quot;,&quot;_ob_shadough_use&quot;:&quot;no&quot;,&quot;_ob_allow_hoveranimator&quot;:&quot;no&quot;,&quot;_ob_widget_stalker_use&quot;:&quot;no&quot;}\" data-widget_type=\"text-editor.default\">\n\t\t\t\t<div class=\"elementor-widget-container\">\n\t\t\t\t\t\t\t\t\t<p style=\"text-align:justify;line-height:115%\"><b><span lang=\"ES\" style=\"font-size:12.0pt;\nline-height:115%;font-family:&quot;Arial&quot;,sans-serif;mso-fareast-font-family:Arial;\ncolor:#365F91;mso-themecolor:accent1;mso-themeshade:191;letter-spacing:.15pt;\nmso-ansi-language:ES\">OBJETIVO<o:p><\/o:p><\/span><\/b><\/p><p style=\"text-align:justify;line-height:115%\"><a style=\"font-family: var( --e-global-typography-text-font-family ), Sans-serif; font-size: var( --e-global-typography-text-font-size ); font-weight: var( --e-global-typography-text-font-weight ); background-color: rgb(255, 255, 255);\"><span lang=\"ES\" style=\"font-size:11.0pt;line-height:115%;\nfont-family:&quot;Arial&quot;,sans-serif;mso-fareast-font-family:Arial;letter-spacing:\n.15pt;mso-ansi-language:ES\">Su principal objetivo, es ejecutar acciones\ntendientes a fortalecer el orden p\u00fablico desde el punto de vista de la\nInspecci\u00f3n Municipal, la Administraci\u00f3n de las Ferias, y a la aplicaci\u00f3n de las\nOrdenanzas Municipales y las Leyes de la <\/span><\/a><span style=\"color: var( --e-global-color-text ); font-weight: var( --e-global-typography-text-font-weight ); font-size: 11pt; line-height: 115%; font-family: Arial, sans-serif; letter-spacing: 0.15pt;\">Rep\u00fablica<\/span><span lang=\"ES\" style=\"color: var( --e-global-color-text ); font-weight: var( --e-global-typography-text-font-weight ); font-size: 11pt; line-height: 115%; font-family: Arial, sans-serif; letter-spacing: 0.15pt;\">.<\/span><b style=\"color: var( --e-global-color-text ); font-family: var( --e-global-typography-text-font-family ), Sans-serif; font-size: var( --e-global-typography-text-font-size );\"><span lang=\"ES\" style=\"font-size:12.0pt;\nline-height:115%;font-family:&quot;Arial&quot;,sans-serif;mso-fareast-font-family:Arial;\ncolor:#365F91;mso-themecolor:accent1;mso-themeshade:191;letter-spacing:.15pt;\nmso-ansi-language:ES\">&nbsp;<\/span><\/b><\/p><p style=\"text-align:justify;line-height:115%\"><b><span lang=\"ES\" style=\"font-size:12.0pt;\nline-height:115%;font-family:&quot;Arial&quot;,sans-serif;mso-fareast-font-family:Arial;\ncolor:#365F91;mso-themecolor:accent1;mso-themeshade:191;letter-spacing:.15pt;\nmso-ansi-language:ES\">LINEAS DE ACCION <o:p><\/o:p><\/span><\/b><\/p><p style=\"text-align:justify;line-height:115%\"><span style=\"text-indent: -18pt; color: var( --e-global-color-text ); font-weight: var( --e-global-typography-text-font-weight ); font-size: 11pt; line-height: 115%; font-family: Arial, sans-serif; letter-spacing: 0.15pt;\">1)<span style=\"font-variant-numeric: normal; font-variant-east-asian: normal; font-stretch: normal; font-size: 7pt; line-height: normal; font-family: &quot;Times New Roman&quot;;\">&nbsp; &nbsp; &nbsp;&nbsp;<\/span><\/span><span lang=\"ES-MX\" style=\"text-indent: -18pt; color: var( --e-global-color-text ); font-weight: var( --e-global-typography-text-font-weight ); font-size: 11pt; line-height: 115%; font-family: Arial, sans-serif; letter-spacing: 0.15pt;\">Fiscalizar\ny examinar distintas situaciones, con el prop\u00f3sito de establecer si cumplen con\nlas normativas vigentes.<\/span><\/p><p style=\"text-align:justify;line-height:115%\"><span style=\"text-indent: -18pt; color: var( --e-global-color-text ); font-weight: var( --e-global-typography-text-font-weight ); font-size: 11pt; line-height: 115%; font-family: Arial, sans-serif; letter-spacing: 0.15pt;\">2)<span style=\"font-variant-numeric: normal; font-variant-east-asian: normal; font-stretch: normal; font-size: 7pt; line-height: normal; font-family: &quot;Times New Roman&quot;;\">&nbsp;&nbsp;&nbsp; <\/span><\/span><span lang=\"ES-MX\" style=\"text-indent: -18pt; color: var( --e-global-color-text ); font-weight: var( --e-global-typography-text-font-weight ); font-size: 11pt; line-height: 115%; font-family: Arial, sans-serif; letter-spacing: 0.15pt;\">Controlar\nel cumplimiento de la normativa actual en tem\u00e1ticas como la Ley de Rentas\nMunicipales&nbsp;<\/span><span style=\"color: var( --e-global-color-text ); font-family: Arial, sans-serif; font-size: 11pt; font-weight: var( --e-global-typography-text-font-weight ); letter-spacing: 0.15pt;\">Establecer una inspecci\u00f3n constante en\nnormativas que dicen relaci\u00f3n con la Ley de Tr\u00e1nsito y Transporte P\u00fablico.<\/span><\/p><p style=\"text-align:justify;line-height:115%\"><span style=\"text-indent: -18pt; color: var( --e-global-color-text ); font-weight: var( --e-global-typography-text-font-weight ); font-size: 11pt; line-height: 115%; font-family: Arial, sans-serif; letter-spacing: 0.15pt;\">3)<span style=\"font-variant-numeric: normal; font-variant-east-asian: normal; font-stretch: normal; font-size: 7pt; line-height: normal; font-family: &quot;Times New Roman&quot;;\">&nbsp; &nbsp; &nbsp;<\/span><\/span><span lang=\"ES-MX\" style=\"text-indent: -18pt; color: var( --e-global-color-text ); font-weight: var( --e-global-typography-text-font-weight ); font-size: 11pt; line-height: 115%; font-family: Arial, sans-serif; letter-spacing: 0.15pt;\">Fiscalizar\nel cumplimiento de Ley de Alcoholes, en locales comerciales, espacios p\u00fablicos\ny su normativa en general.<\/span><\/p><p><span style=\"text-align: justify; text-indent: -18pt; color: var( --e-global-color-text ); font-weight: var( --e-global-typography-text-font-weight ); font-size: 11pt; line-height: 115%; font-family: Arial, sans-serif; letter-spacing: 0.15pt;\">4)<span style=\"font-variant-numeric: normal; font-variant-east-asian: normal; font-stretch: normal; font-size: 7pt; line-height: normal; font-family: &quot;Times New Roman&quot;;\">&nbsp;&nbsp;&nbsp; <\/span><\/span><span lang=\"ES-MX\" style=\"text-align: justify; text-indent: -18pt; color: var( --e-global-color-text ); font-weight: var( --e-global-typography-text-font-weight ); font-size: 11pt; line-height: 115%; font-family: Arial, sans-serif; letter-spacing: 0.15pt;\">Dar\ncumplimiento a las Ordenanzas Municipales vigentes, velando<\/span><span lang=\"ES-MX\" style=\"text-align: justify; text-indent: -18pt; font-weight: var( --e-global-typography-text-font-weight ); font-size: 11pt; line-height: 115%; font-family: &quot;Eras Demi ITC&quot;, sans-serif; color: white;\"> <\/span><span lang=\"ES-MX\" style=\"text-align: justify; text-indent: -18pt; color: var( --e-global-color-text ); font-weight: var( --e-global-typography-text-font-weight ); font-size: 11pt; line-height: 115%; font-family: Arial, sans-serif; letter-spacing: 0.15pt;\">por un desarrollo ordenado, que nos ayude a\nconvivir en comunidad.<\/span><\/p><p><span style=\"text-align: justify; text-indent: -18pt; color: var( --e-global-color-text ); font-weight: var( --e-global-typography-text-font-weight ); font-size: 11pt; line-height: 115%; font-family: Arial, sans-serif; letter-spacing: 0.15pt;\">5)<span style=\"font-variant-numeric: normal; font-variant-east-asian: normal; font-stretch: normal; font-size: 7pt; line-height: normal; font-family: &quot;Times New Roman&quot;;\">&nbsp;&nbsp;&nbsp; <\/span><\/span><span style=\"text-align: justify; text-indent: -18pt; color: var( --e-global-color-text ); font-weight: var( --e-global-typography-text-font-weight ); font-size: 11pt; line-height: 115%; font-family: Arial, sans-serif; letter-spacing: 0.15pt;\">Administrar las Ferias\nLibres y de las Pulgas de la comuna, dar cumplimiento a las ordenanzas que la\nrigen y establecer un v\u00ednculo directo entre sus representantes y el municipio.<\/span><br><\/p><p><span style=\"text-align: justify; text-indent: -18pt; color: var( --e-global-color-text ); font-weight: var( --e-global-typography-text-font-weight ); font-size: 11pt; line-height: 115%; font-family: Arial, sans-serif; letter-spacing: 0.15pt;\">6)<span style=\"font-variant-numeric: normal; font-variant-east-asian: normal; font-stretch: normal; font-size: 7pt; line-height: normal; font-family: &quot;Times New Roman&quot;;\">&nbsp;&nbsp;&nbsp; <\/span><\/span><span style=\"text-align: justify; text-indent: -18pt; color: var( --e-global-color-text ); font-weight: var( --e-global-typography-text-font-weight ); font-size: 11pt; line-height: 115%; font-family: Arial, sans-serif; letter-spacing: 0.15pt;\">Asesorar en la\nimplementaci\u00f3n de iniciativas municipales en la que participe comercio\nestablecido o precario, con el fin de entregar informaci\u00f3n y colaboraci\u00f3n, para\nsu ordenamiento, desarrollo y regulaci\u00f3n.<\/span><br><\/p>\t\t\t\t\t\t\t\t<\/div>\n\t\t\t\t<\/div>\n\t\t\t\t\t<\/div>\n\t\t<\/div>\n\t\t\t\t\t<\/div>\n\t\t<\/section>\n\t\t\t\t<\/div>\n\t\t","protected":false},"excerpt":{"rendered":"<p>Oficina de Fiscalizaci\u00f3n y Administraci\u00f3n de Ferias OBJETIVO Su principal objetivo, es ejecutar acciones tendientes a fortalecer el orden p\u00fablico desde el punto de vista de la Inspecci\u00f3n Municipal, la Administraci\u00f3n de las Ferias, y a la aplicaci\u00f3n de las Ordenanzas Municipales y las Leyes de la Rep\u00fablica.&nbsp; LINEAS DE ACCION 1)&nbsp; &nbsp; &nbsp;&nbsp;Fiscalizar y [&hellip;]<\/p>\n","protected":false},"author":7,"featured_media":0,"parent":0,"menu_order":0,"comment_status":"closed","ping_status":"closed","template":"","meta":{"footnotes":""},"class_list":["post-30019","page","type-page","status-publish","hentry"],"_links":{"self":[{"href":"https:\/\/www.muniquintero.cl\/index.php\/wp-json\/wp\/v2\/pages\/30019","targetHints":{"allow":["GET"]}}],"collection":[{"href":"https:\/\/www.muniquintero.cl\/index.php\/wp-json\/wp\/v2\/pages"}],"about":[{"href":"https:\/\/www.muniquintero.cl\/index.php\/wp-json\/wp\/v2\/types\/page"}],"author":[{"embeddable":true,"href":"https:\/\/www.muniquintero.cl\/index.php\/wp-json\/wp\/v2\/users\/7"}],"replies":[{"embeddable":true,"href":"https:\/\/www.muniquintero.cl\/index.php\/wp-json\/wp\/v2\/comments?post=30019"}],"version-history":[{"count":8,"href":"https:\/\/www.muniquintero.cl\/index.php\/wp-json\/wp\/v2\/pages\/30019\/revisions"}],"predecessor-version":[{"id":30139,"href":"https:\/\/www.muniquintero.cl\/index.php\/wp-json\/wp\/v2\/pages\/30019\/revisions\/30139"}],"wp:attachment":[{"href":"https:\/\/www.muniquintero.cl\/index.php\/wp-json\/wp\/v2\/media?parent=30019"}],"curies":[{"name":"wp","href":"https:\/\/api.w.org\/{rel}","templated":true}]}}