{"id":25530,"date":"2021-06-16T23:25:53","date_gmt":"2021-06-17T02:25:53","guid":{"rendered":"https:\/\/www.muniquintero.cl\/?page_id=25530"},"modified":"2021-06-17T10:51:25","modified_gmt":"2021-06-17T13:51:25","slug":"modificacion-prc","status":"publish","type":"page","link":"https:\/\/www.muniquintero.cl\/index.php\/modificacion-prc\/","title":{"rendered":"MODIFICACION PRC"},"content":{"rendered":"<div data-colibri-id=\"25530-c1\" class=\"style-1840 style-local-25530-c1 position-relative\">\n  <!----><\/p>\n<div data-colibri-component=\"section\" data-colibri-id=\"25530-c22\" id=\"custom-2\" class=\"h-section h-section-global-spacing d-flex align-items-lg-center align-items-md-center align-items-center style-1865 style-local-25530-c22 position-relative\">\n    <!----><br \/>\n    <!----><\/p>\n<div class=\"h-section-grid-container h-section-boxed-container\">\n      <!----><\/p>\n<div data-colibri-id=\"25530-c23\" class=\"h-row-container gutters-row-lg-2 gutters-row-md-2 gutters-row-0 gutters-row-v-lg-2 gutters-row-v-md-2 gutters-row-v-2 style-1866 style-local-25530-c23 position-relative\">\n        <!----><\/p>\n<div class=\"h-row justify-content-lg-center justify-content-md-center justify-content-center align-items-lg-stretch align-items-md-stretch align-items-stretch gutters-col-lg-2 gutters-col-md-2 gutters-col-0 gutters-col-v-lg-2 gutters-col-v-md-2 gutters-col-v-2\">\n          <!----><\/p>\n<div class=\"h-column h-column-container d-flex h-col-lg-auto h-col-md-auto h-col-auto style-1867-outer style-local-25530-c24-outer\">\n<div data-colibri-id=\"25530-c24\" class=\"d-flex h-flex-basis h-column__inner h-px-lg-2 h-px-md-2 h-px-2 v-inner-lg-2 v-inner-md-2 v-inner-2 style-1867 style-local-25530-c24 position-relative\">\n              <!----><br \/>\n              <!----><\/p>\n<div class=\"w-100 h-y-container h-column__content h-column__v-align flex-basis-100 align-self-lg-start align-self-md-start align-self-start\">\n                <!----><\/p>\n<div data-colibri-id=\"25530-c26\" class=\"h-text h-text-component style-1869 style-local-25530-c26 position-relative h-element\">\n                  <!----><br \/>\n                  <!----><\/p>\n<div class=\"\">\n<p>\n                      \n                    <\/p>\n<p><span style=\"font-family: Arial, sans-serif;\">La Ilustre Municipalidad de Quintero inicia el proceso de participaci\u00f3n ciudadana de la modificaci\u00f3n del sector sur del Plan Regulador Comunal (PRC), seg\u00fan lo establecido en el Art\u00edculo 28\u00ba octies de la Ley General de Urbanismo y Construcciones (LGUC).<\/span><\/p>\n<p><span style=\"font-family: Arial, sans-serif;\">A modo de contexto, al d\u00eda de hoy el \u00e1rea de modificaci\u00f3n cuenta con dos instrumentos de planificaci\u00f3n urbana, que norman su desarrollo. El Plan regulador comunal (PRC) vigente desde el a\u00f1o 1984 y el Plan Regulador Metropolitano de Valpara\u00edso (PREMVAL) desde el a\u00f1o 2014.<\/span><\/p>\n<p><span style=\"font-family: Arial, sans-serif;\">El Plan Regulador Comunal vigente regula b\u00e1sicamente la Ciudad de Quintero y el Sector de Loncura. Sin embargo, el a\u00f1o 2014 entr\u00f3 en vigencia el Plan Regulador Metropolitano de Valpara\u00edso (PREMVAL), el que establece que aproximadamente 10.352 hect\u00e1reas de las 14.800 hect\u00e1reas que componen el suelo comunal, sean destinadas a Zonas de Extensi\u00f3n Urbana, provocando un cambio sustantivo en los patrones de asentamiento urbano actuales y potenciales.<\/span><\/p>\n<p><span style=\"font-family: Arial, sans-serif;\">Es por ello que, en espec\u00edfico, en el sector sur de la pen\u00ednsula (desde calle Salas hasta camino a Ritoque), hoy se han generado diferentes situaciones principalmente por la concentraci\u00f3n y crecimiento demogr\u00e1fico, lo que ha generado un aumento en la demanda por suelo urbano; ver mapa adjunto.<\/span><\/p>\n<p><span style=\"font-family: Arial, sans-serif;\">Durante el plazo de 30 d\u00edas, desde el jueves 17 de junio de 2021, hasta el s\u00e1bado 17 de julio de 2021, el proyecto de modificaci\u00f3n se mantendr\u00e1 expuesto a la comunidad. <\/span><\/p>\n<p><span style=\"font-family: Arial, sans-serif;\">Los interesados podr\u00e1n obtener el resumen ejecutivo y realizar observaciones de la Imagen Objetivo y sus respectivos planos por escrito en la oficina de partes de la Ilustre Municipalidad de Quintero, ubicada en Av. Normandie # 1916, de lunes a viernes en horario desde las 9:00 am hasta las 14:00 pm.<\/span><\/p>\n<p><span style=\"font-family: Arial, sans-serif;\">Frente a cualquier consulta respecto al proceso de ejecuci\u00f3n del Art\u00edculo 28 octies. &#8211; Imagen Objetivo de los instrumentos de planificaci\u00f3n territorial y Audiencia p\u00fablica, puede comunicarse con Asesor\u00eda Urbana al correo <\/span><br \/>\n                      <a\n                        href=\"mailto:sit.urbana@muniquintero.cl\" style=\"font-family: Arial, sans-serif;\"><em>sit.urbana@muniquintero.cl<\/em><\/a>\n                    <\/p>\n<\/p><\/div>\n<\/p><\/div>\n<\/p><\/div>\n<\/p><\/div>\n<\/p><\/div>\n<\/p><\/div>\n<\/p><\/div>\n<\/p><\/div>\n<\/p><\/div>\n<div data-colibri-component=\"section\" data-colibri-id=\"25530-c37\" id=\"custom\" class=\"h-section h-section-global-spacing d-flex align-items-lg-center align-items-md-center align-items-center style-1880 style-local-25530-c37 position-relative\">\n    <!----><br \/>\n    <!----><\/p>\n<div class=\"h-section-grid-container h-section-boxed-container\">\n      <!----><\/p>\n<div data-colibri-id=\"25530-c38\" class=\"h-row-container gutters-row-lg-2 gutters-row-md-2 gutters-row-0 gutters-row-v-lg-2 gutters-row-v-md-2 gutters-row-v-2 style-1881 style-local-25530-c38 position-relative\">\n        <!----><\/p>\n<div class=\"h-row justify-content-lg-center justify-content-md-center justify-content-center align-items-lg-stretch align-items-md-stretch align-items-stretch gutters-col-lg-2 gutters-col-md-2 gutters-col-0 gutters-col-v-lg-2 gutters-col-v-md-2 gutters-col-v-2\">\n          <!----><\/p>\n<div class=\"h-column h-column-container d-flex h-col-lg-auto h-col-md-auto h-col-auto style-1882-outer style-local-25530-c39-outer\">\n<div data-colibri-id=\"25530-c39\" class=\"d-flex h-flex-basis h-column__inner h-px-lg-2 h-px-md-2 h-px-2 v-inner-lg-2 v-inner-md-2 v-inner-2 style-1882 style-local-25530-c39 position-relative\">\n              <!----><br \/>\n              <!----><\/p>\n<div class=\"w-100 h-y-container h-column__content h-column__v-align flex-basis-100 align-self-lg-start align-self-md-start align-self-start\">\n                <!----><\/p>\n<div data-colibri-id=\"25530-c42\" class=\"h-text h-text-component style-1885 style-local-25530-c42 position-relative h-element\">\n                  <!----><br \/>\n                  <!----><\/p>\n<div class=\"\">\n<h1>\n                      <a href=\"https:\/\/www.muniquintero.cl\/wp-content\/uploads\/2021\/06\/Resumen-Ejecutivo-Modificacion-Sector-Sur-PRC-Quintero-2021-02-042.pdf\" style=\"color: rgb(3, 169, 244); font-size: 21.6px; font-weight: 400; font-family: &quot;Open Sans&quot;;\">DESCARGAR RESUMEN EJECUTIVO AQUI<\/a><br \/>\n                    <\/h1>\n<p>\n                      \n                    <\/p>\n<\/p><\/div>\n<\/p><\/div>\n<div data-colibri-id=\"25530-c43\" class=\"h-text h-text-component style-1885 style-local-25530-c43 position-relative h-element\">\n                  <!----><br \/>\n                  <!----><\/p>\n<div class=\"\">\n<h1>\n                      <a href=\"https:\/\/experience.arcgis.com\/experience\/a722029ab2fc47e4830b307fe5ca98d2\">INGRESAR OBSERVACIONES<\/a><br \/>\n                    <\/h1>\n<p>\n                      \n                    <\/p>\n<\/p><\/div>\n<\/p><\/div>\n<\/p><\/div>\n<\/p><\/div>\n<\/p><\/div>\n<div class=\"h-column h-column-container d-flex h-col-lg-auto h-col-md-auto h-col-auto style-1883-outer style-local-25530-c40-outer\">\n<div data-colibri-id=\"25530-c40\" class=\"d-flex h-flex-basis h-column__inner h-px-lg-2 h-px-md-2 h-px-2 v-inner-lg-2 v-inner-md-2 v-inner-2 style-1883 style-local-25530-c40 position-relative\">\n              <!----><br \/>\n              <!----><\/p>\n<div class=\"w-100 h-y-container h-column__content h-column__v-align flex-basis-100 align-self-lg-start align-self-md-start align-self-start\">\n                <!----><\/p>\n<div data-colibri-id=\"25530-c41\" class=\"d-block style-1884 style-local-25530-c41 position-relative h-element\">\n                  <!----><\/p>\n<div class=\"h-image__frame-container-outer\">\n                    <a href=\"https:\/\/www.muniquintero.cl\/wp-content\/uploads\/2021\/06\/ALTERNATIVAB-1-e1623897837629.png\" h-use-smooth-scroll=\"true\" class=\"image-link\"><\/p>\n<div class=\"h-image__frame-container\">\n                        <!----><br \/>\n                        <!----><br \/>\n                        <img fetchpriority=\"high\" decoding=\"async\" width=\"995\" height=\"1376\" src=\"https:\/\/www.muniquintero.cl\/wp-content\/uploads\/2021\/06\/ALTERNATIVAB-1-e1623897837629.png\" class=\"wp-image-25550 style-1884-image style-local-25530-c41-image\"><\/p>\n<div class=\"h-image__frame h-hide-lg h-hide-md h-hide-sm style-1884-frameImage style-local-25530-c41-frameImage\"><\/div>\n<\/p><\/div>\n<p>                    <\/a>\n                  <\/div>\n<\/p><\/div>\n<\/p><\/div>\n<\/p><\/div>\n<\/p><\/div>\n<\/p><\/div>\n<\/p><\/div>\n<\/p><\/div>\n<\/p><\/div>\n<\/div>\n","protected":false},"excerpt":{"rendered":"<p>La Ilustre Municipalidad de Quintero inicia el proceso de participaci\u00f3n ciudadana de la modificaci\u00f3n del sector sur del Plan Regulador Comunal (PRC), seg\u00fan lo establecido en el Art\u00edculo 28\u00ba octies de la Ley General de Urbanismo y Construcciones (LGUC). A modo de contexto, al d\u00eda de hoy el \u00e1rea de modificaci\u00f3n cuenta con dos instrumentos [&hellip;]<\/p>\n","protected":false},"author":1,"featured_media":0,"parent":0,"menu_order":0,"comment_status":"closed","ping_status":"closed","template":"page-templates\/full-width-page.php","meta":{"footnotes":""},"class_list":["post-25530","page","type-page","status-publish","hentry"],"_links":{"self":[{"href":"https:\/\/www.muniquintero.cl\/index.php\/wp-json\/wp\/v2\/pages\/25530","targetHints":{"allow":["GET"]}}],"collection":[{"href":"https:\/\/www.muniquintero.cl\/index.php\/wp-json\/wp\/v2\/pages"}],"about":[{"href":"https:\/\/www.muniquintero.cl\/index.php\/wp-json\/wp\/v2\/types\/page"}],"author":[{"embeddable":true,"href":"https:\/\/www.muniquintero.cl\/index.php\/wp-json\/wp\/v2\/users\/1"}],"replies":[{"embeddable":true,"href":"https:\/\/www.muniquintero.cl\/index.php\/wp-json\/wp\/v2\/comments?post=25530"}],"version-history":[{"count":6,"href":"https:\/\/www.muniquintero.cl\/index.php\/wp-json\/wp\/v2\/pages\/25530\/revisions"}],"predecessor-version":[{"id":25578,"href":"https:\/\/www.muniquintero.cl\/index.php\/wp-json\/wp\/v2\/pages\/25530\/revisions\/25578"}],"wp:attachment":[{"href":"https:\/\/www.muniquintero.cl\/index.php\/wp-json\/wp\/v2\/media?parent=25530"}],"curies":[{"name":"wp","href":"https:\/\/api.w.org\/{rel}","templated":true}]}}